5
Suppose 3*q = -57 - 60. Let m = q + 163. What are the prime factors of m?
2, 31
Let d(m) = 3*m**3 - 6*m + 631. What are the prime factors of d(0)?
631
Let j(c) = -5*c - 4. Let y be j(-4). Suppose 11*l + y = -h + 6*l, -16 = 4*h - 4*l. List the prime factors of 51*((-14)/h + -2).
17
Let c(z) = z - 2. Let v be c(6). Suppose -3*t + o = -0*t - 36, -v*t - o + 41 = 0. Let d = 51 + t. What are the prime factors of d?
2, 31
Let s be 342/66 + 4/(-22). Let n be 25/s - 2/1. Suppose x = -n*x + 176. What are the prime factors of x?
2, 11
Suppose -4286*g = -4278*g - 10568. List the prime factors of g.
1321
Suppose 3*m - 1428 = b - 6*b, 3*m = -b + 288. Let s = b - 144. List the prime factors of s.
3, 47
Suppose -4*w = -12, -2*w - 2*w = -5*n - 7. List the prime factors of n + ((-820)/(-5) - -3).
2, 3, 7
Let k(h) = h**2 - 6*h - 4. Let b be k(5). Let t be 0/(b/3 + 2). Suppose 0 = -c - t*c + 23. List the prime factors of c.
23
Let p be (-123)/(-15) - (-1)/(-5). Let u = p + -8. Suppose -3*r + 290 = 5*b, b - 6*b + 3*r + 260 = u. What are the prime factors of b?
5, 11
Let f = -4551 - -8426. List the prime factors of f.
5, 31
Let a be (-6)/(-30)*-5 - (-4 - -1). Suppose -a*g = 3*u - 114 - 133, -527 = -4*g + 5*u. What are the prime factors of g?
2
Let f(q) = -q**3 - 9*q**2 - 9*q - 5. Let w be f(-8). Suppose 5*j = w*j - 10. List the prime factors of (3 + -7 + -4)*j.
2, 5
Suppose -c + 12 = 11. Let l(i) = -49*i. Let k be l(c). Let j = -22 - k. What are the prime factors of j?
3
Let j(i) be the first derivative of i**2 - 9*i - 16. Suppose 5*o - 51 + 1 = 0. List the prime factors of j(o).
11
Suppose 3*o = -2*m + 5258, -2*o - 3*o - 5*m + 8770 = 0. List the prime factors of o.
2, 5, 7
Let z(d) = 65*d - 48. What are the prime factors of z(27)?
3, 569
Suppose -22*l = -17*l - 2095. List the prime factors of l.
419
Suppose -3*h + c = -728, 2*h - c = 404 + 80. List the prime factors of h.
2, 61
Suppose -3*s + 5*k + 1473 = 0, -2*s + 3*k - 174 = -1157. List the prime factors of s.
2, 31
Let o(f) = -5*f**2 - 5*f + 1. Let q(t) = -4*t**2 - 6*t. Let k(j) = 3*o(j) - 4*q(j). Let p be k(-9). Suppose 60 + 27 = p*b. List the prime factors of b.
29
Suppose 42 = 12*m + 6. Suppose -v + 23 = -2*y + 6, -v = m*y + 8. What are the prime factors of v?
7
Suppose 1359 = 3*o - 4*w, 4*w = -4*o + 3*w + 1793. What are the prime factors of o?
449
Let b be 2/(-8) + (-126)/(-24). Suppose -5*x + 0*s = -3*s - 645, -b*s + 289 = 2*x. List the prime factors of x.
2, 3, 11
Suppose -w - 4*r + 0*r = -737, 0 = 2*w - r - 1438. What are the prime factors of w?
7, 103
Suppose v - 482 = -2*a, -2*a + 960 = -2*v + 4*v. List the prime factors of v.
2, 239
Suppose -4*q + 3310 = -2*l, 4*q - 3*l - 3010 = 299. List the prime factors of q.
2, 3, 23
What are the prime factors of 46/207 - (-7520)/18?
2, 11, 19
Suppose 7*k + 3*r + 1788 = 10*k, -3*r = 0. List the prime factors of k.
2, 149
Let j(v) = -v - 2. Let s be j(-2). Suppose -a + s = -2*d + 1, 20 = 5*d. Let o(w) = -w**2 + 9*w - 7. List the prime factors of o(a).
7
Suppose 4*v - 22 = -b, 0 = -5*b + 13 - 3. Suppose 0 = 5*q + 5*x - 10, 39 - 1 = v*q - 2*x. Suppose q*a - 54 = 3*a. What are the prime factors of a?
2, 3
Let f be 19 + -8 - (-1 + 3). Let k(i) = -i**2 + 17*i - 10. What are the prime factors of k(f)?
2, 31
Let m(v) be the third derivative of -5*v**4/4 - v**3/6 - 8*v**2. Let u(z) = z + 1. Let q(p) = -m(p) - 5*u(p). What are the prime factors of q(2)?
2, 23
Let w be 59 - (1 + -2 + 0). Let z be (-2)/((-182)/(-30) - 6). Let s = w + z. List the prime factors of s.
2, 3, 5
Let x(k) = 2*k - 34. Let m be x(26). Suppose -m*s + 21*s - 195 = 0. List the prime factors of s.
5, 13
Let u(w) = -w**2 + 4*w - 2. Let r be u(3). Suppose -3*a - r = -130. List the prime factors of a.
43
Let t(m) = -141*m**3 - 5*m**2 - 12*m - 3. List the prime factors of t(-2).
1129
Suppose 316 = 4*n + 4*c, 4*n = -2*c + 6*c + 300. Let w be ((-6)/4)/((-6)/160). Let i = n - w. List the prime factors of i.
37
Suppose 5*d + 36 = 7*d. Let l = 87 - d. List the prime factors of l.
3, 23
Let c(z) = 3*z - 25. Let v be c(7). Let q(x) = -x**3 + 2*x**2 + 5*x. List the prime factors of q(v).
2, 19
Let b(c) = 23*c**2 - 1. Suppose 2*o - 26 = u - 5*u, 4*o - 5*u = -13. Suppose -4*n + 2*d - o*d = 1, -n = -d - 6. List the prime factors of b(n).
2, 11
Suppose 9*x = 8*x + 96. Suppose -g - g + x = 0. What are the prime factors of g?
2, 3
Let g be (-30)/50 - (-46)/10. Suppose -143 = i - g. Let m = -83 - i. What are the prime factors of m?
2, 7
Let g be 4 + (4 - 4)/(-3). Let t(q) = q**3 - q**2 - 2*q - 1. What are the prime factors of t(g)?
3, 13
Let u = -225 - -475. What are the prime factors of u?
2, 5
Let w(m) be the second derivative of m**3/3 + 3*m**2 + 16*m. What are the prime factors of w(16)?
2, 19
Let m = 22 - 29. Let k(c) = 6*c + 2. Let v(y) = 18*y + 6. Let w(t) = m*k(t) + 2*v(t). List the prime factors of w(-1).
2
Let c be 12 + (-8)/(-2) - 4. Let h be -156*(c/(-8) + 1). Let j = 124 - h. What are the prime factors of j?
2, 23
Let w(h) = h**3 - 30*h**2 - 21*h + 164. List the prime factors of w(32).
2, 5, 7, 11
Suppose 3*p - 8 - 10 = 0. Let a = p - 1. Suppose -3*m = -15, a - 6 = -2*v + 5*m. What are the prime factors of v?
13
Let l(j) = 12*j**3 - 5*j**2 + 27*j + 1. List the prime factors of l(7).
31, 131
Let t(x) = 2*x**2 - 75*x - 108. List the prime factors of t(52).
2, 5, 7
Let c(p) = p**2 + 26*p + 52. Let i be c(-24). Suppose -2*a + 151 = t, i*t = 4*a - 0*a - 308. What are the prime factors of a?
2, 19
Suppose -4*v + 0 = 5*q + 2, -3*q + 4*v - 14 = 0. List the prime factors of -1*(q - -6) - (-242)/2.
3, 13
Let y(d) = 22*d - 583. What are the prime factors of y(38)?
11, 23
List the prime factors of 1*910 - (4 + 6 + -7).
907
Let u be 2 - (-4)/((-16)/(-12)). Suppose -14 - 6 = -u*i. Suppose -5*b = -i*g - 172, -b - 2*b = 2*g - 112. What are the prime factors of b?
2, 3
List the prime factors of (-25)/(-50)*(1013 + 1).
3, 13
Let i(m) = m**2 - 7*m - 6. Let s = -13 + 21. Let b be i(s). Suppose 6 = 5*h + 3*t, -1 = t + b. List the prime factors of h.
3
Let f be (-3*(-2)/(-6))/((-2)/8). Let i(z) = z**2 - 5. What are the prime factors of i(f)?
11
Let w be 5 - (1 - (1 + -3)). Let h be (-1)/w*8/(-4). Let o = 24 - h. What are the prime factors of o?
23
Suppose 3*w - 87 - 3833 = -4*q, 3*q - 2940 = -2*w. Suppose -g + 2*g = -5*f + 236, 4*g - q = -2*f. What are the prime factors of g?
2, 3, 41
Let v = -10 + 344. What are the prime factors of v?
2, 167
Suppose 5*k + 7 = -2*u, -3*k + 5*u - 29 = -0*k. List the prime factors of (-1)/k + (-5)/((-45)/1239).
2, 3, 23
Let k be (24/(-10))/((-6)/(-30)). Let w(s) = -s**3 - 12*s**2 + 10. Let y be w(k). Suppose -8*m - 104 = -y*m. List the prime factors of m.
2, 13
Let y(h) = 67*h**2 - 24*h + 2. List the prime factors of y(-2).
2, 3, 53
Let l(u) = u**2 - 2*u - 1. Let q be l(3). Suppose -5*s + 404 = q*a, -407 = -5*s - 6*a + 5*a. List the prime factors of s.
2, 41
Let i = -272 - -365. List the prime factors of i.
3, 31
Let s = -89 + 15. Let u = 127 + s. Suppose -58 - u = -3*i. List the prime factors of i.
37
Suppose -28 = -6*d - 4. Let s(q) = 12*q**2 + 3*q - 4. Let b be s(-5). Suppose -m + 3*t + b = d*m, 0 = -m - t + 61. List the prime factors of m.
2, 29
Suppose -n - 2*m + 494 + 699 = 0, -n + 1189 = -2*m. List the prime factors of n.
3, 397
Let k(u) = -4*u + 26. Let z be k(5). What are the prime factors of (z - 830/(-14)) + 4/(-14)?
5, 13
Let i = 29 + -29. Let u be i/(2 - (0 - -1)). Let a(z) = z**3 + 2*z**2 - 2*z + 12. List the prime factors of a(u).
2, 3
Suppose 60*s = 55*s - 390. What are the prime factors of 280 + (6/21 - s/21)?
2, 71
Let p = 0 - -3. Suppose -83 = -b - s + 29, p*b - s - 344 = 0. Suppose -6*r + 3*r = -b. List the prime factors of r.
2, 19
Suppose s = 5*y + 81, 2*y - 2*s = 5*y + 46. Let b be (y/(-6))/((-12)/(-18)). Let v = 17 - b. What are the prime factors of v?
13
Suppose y + 134 = -26. What are the prime factors of 2/9 - (y/9 + -2)?
2, 5
List the prime factors of (-4345)/(-5) + 7*(-7)/(-49).
2, 3, 5, 29
Let o(h) = -h - 66. Let n be (4 - 4)/(4/2). Let s be o(n). List the prime factors of ((-1)/3)/(2/s).
11
Suppose 39 = -0*t - 3*t. Suppose 3*r = i - 11, -2*r = 2*i + 3*r - 44. Let v = t + i. What are the prime factors of v?
2
Let k = -536 - -1026. List the prime factors of k.
2, 5,